1 (base 3) to base 4.
220
Convert 23 (base 6) to base 13.
12
-1010 (base 2) to base 15
-a
What is -11 (base 12) in base 4?
-31
What is -39 (base 10) in base 14?
-2b
-120 (base 3) to base 2
-1111
Convert -5a (base 12) to base 5.
-240
What is -15 (base 10) in base 4?
-33
Convert 15 (base 12) to base 13.
14
What is -64 (base 8) in base 16?
-34
Convert 3 (base 6) to base 13.
3
-111 (base 2) to base 11
-7
2 (base 13) to base 2
10
Convert -12 (base 14) to base 2.
-10000
Convert -211 (base 5) to base 9.
-62
What is -100 (base 3) in base 7?
-12
Convert -2 (base 15) to base 4.
-2
Convert -1 (base 9) to base 7.
-1
-3 (base 9) to base 6
-3
What is -14 (base 10) in base 5?
-24
What is -194 (base 13) in base 12?
-202
-5 (base 9) to base 6
-5
-179 (base 11) to base 12
-153
-a3 (base 11) to base 6
-305
Convert -100011 (base 2) to base 6.
-55
-2 (base 7) to base 4
-2
What is 122 (base 10) in base 8?
172
16 (base 10) to base 3
121
Convert 14 (base 6) to base 2.
1010
What is -11 (base 6) in base 4?
-13
-17 (base 8) to base 15
-10
Convert -1a (base 16) to base 9.
-28
Convert -180 (base 12) to base 7.
-462
Convert -62 (base 13) to base 16.
-50
What is 21 (base 7) in base 13?
12
Convert -2 (base 4) to base 9.
-2
What is ca (base 15) in base 4?
2332
What is 0 (base 7) in base 5?
0
Convert 56 (base 9) to base 8.
63
Convert -110 (base 2) to base 14.
-6
Convert 101001 (base 2) to base 12.
35
What is -1 (base 13) in base 12?
-1
What is -1b (base 12) in base 5?
-43
106 (base 14) to base 12
14a
What is 0 (base 7) in base 12?
0
230 (base 7) to base 14
87
What is -13 (base 5) in base 15?
-8
What is -6 (base 8) in base 9?
-6
140 (base 15) to base 6
1153
Convert -16 (base 8) to base 9.
-15
Convert 33 (base 13) to base 2.
101010
What is -11 (base 9) in base 14?
-a
Convert -1a7 (base 13) to base 10.
-306
What is -3c (base 13) in base 11?
-47
What is -2 (base 10) in base 13?
-2
-27 (base 14) to base 7
-50
What is -8 (base 14) in base 6?
-12
Convert 2 (base 12) to base 14.
2
What is 4 (base 5) in base 6?
4
What is 79 (base 16) in base 13?
94
-12 (base 16) to base 9
-20
Convert -2 (base 4) to base 16.
-2
10 (base 5) to base 8
5
Convert 89 (base 14) to base 6.
321
Convert -2 (base 7) to base 2.
-10
What is 21 (base 6) in base 3?
111
0 (base 2) to base 15
0
Convert -22 (base 8) to base 6.
-30
What is -10 (base 4) in base 5?
-4
What is -3 (base 16) in base 14?
-3
Convert 2 (base 5) to base 7.
2
-76 (base 14) to base 3
-10212
22 (base 12) to base 4
122
24 (base 6) to base 7
22
1d (base 16) to base 8
35
87 (base 11) to base 9
115
Convert -1 (base 4) to base 5.
-1
-120 (base 3) to base 12
-13
What is -6 (base 9) in base 10?
-6
0 (base 12) to base 2
0
Convert -1201 (base 4) to base 11.
-89
What is 22 (base 7) in base 4?
100
What is 26 (base 14) in base 15?
24
Convert 2 (base 4) to base 12.
2
What is -2 (base 5) in base 7?
-2
1d (base 14) to base 6
43
Convert 50 (base 6) to base 2.
11110
Convert -23 (base 15) to base 16.
-21
-21 (base 4) to base 16
-9
Convert 53 (base 13) to base 3.
2112
-9 (base 11) to base 15
-9
What is -1 (base 3) in base 13?
-1
What is 2 (base 4) in base 3?
2
Convert -1011110 (base 2) to base 14.
-6a
5 (base 14) to base 4
11
What is 222 (base 7) in base 8?
162
What is 32 (base 11) in base 8?
43
-1 (base 9) to base 8
-1
-1111 (base 2) to base 8
-17
-34 (base 10) to base 7
-46
Convert -1b (base 13) to base 7.
-33
-12 (base 4) to base 6
-10
30 (base 4) to base 6
20
100000111 (base 2) to base 16
107
3 (base 5) to base 7
3
10 (base 4) to base 3
11
Convert -5 (base 14) to base 2.
-101
-6f (base 16) to base 11
-a1
Convert -1 (base 11) to base 6.
-1
131 (base 4) to base 16
1d
Convert -f (base 16) to base 2.
-1111
Convert 12 (base 14) to base 16.
10
Convert 1 (base 11) to base 4.
1
3 (base 5) to base 16
3
30 (base 7) to base 14
17
-44 (base 16) to base 10
-68
What is 114 (base 14) in base 9?
257
-1 (base 12) to base 16
-1
6 (base 9) to base 4
12
Convert -3 (base 5) to base 16.
-3
What is 33 (base 13) in base 14?
30
1b (base 13) to base 15
19
-32a (base 11) to base 14
-203
What is 86 (base 15) in base 4?
1332
What is 1041 (base 5) in base 15?
9b
Convert 130 (base 6) to base 3.
2000
Convert 43 (base 10) to base 13.
34
What is -54 (base 6) in base 15?
-24
Convert 1 (base 10) to base 4.
1
What is -3 (base 7) in base 13?
-3
What is -29 (base 11) in base 8?
-37
What is -33 (base 6) in base 4?
-111
26 (base 7) to base 10
20
What is 15 (base 16) in base 12?
19
-20 (base 6) to base 16
-c
What is -3 (base 13) in base 6?
-3
224 (base 6) to base 10
88
Convert 3 (base 9) to base 13.
3
Convert 34 (base 16) to base 2.
110100
-152 (base 10) to base 6
-412
Convert -8 (base 9) to base 11.
-8
Convert -1002 (base 4) to base 3.
-2110
-23 (base 12) to base 11
-25
233 (base 7) to base 8
172
Convert -167 (base 12) to base 9.
-267
-4 (base 8) to base 13
-4
What is 42 (base 6) in base 14?
1c
Convert 1 (base 12) to base 15.
1
What is -3 (base 7) in base 9?
-3
What is 25 (base 9) in base 12?
1b
Convert -14 (base 15) to base 7.
-25
What is -13 (base 14) in base 9?
-18
Convert -2 (base 7) to base 10.
-2
What is 337 (base 8) in base 7?
436
10 (base 8) to base 2
1000
What is -1 (base 3) in base 14?
-1
What is 11 (base 9) in base 2?
1010
-1101111 (base 2) to base 8
-157
-2 (base 10) to base 4
-2
Convert -1 (base 3) to base 16.
-1
What is -3 (base 11) in base 5?
-3
What is f (base 16) in base 12?
13
-3 (base 7) to base 15
-3
What is -3 (base 5) in base 11?
-3
-4 (base 9) to base 10
-4
What is 72 (base 12) in base 6?
222
204 (base 6) to base 16
4c
Convert 110101 (base 2) to base 14.
3b
36 (base 14) to base 11
44
What is 14 (base 5) in base 6?
13
Convert 62 (base 16) to base 8.
142
Convert 3 (base 4) to base 6.
3
What is 61 (base 12) in base 3?
2201
Convert 88 (base 9) to base 3.
2222
Convert -2 (base 13) to base 16.
-2
0 (base 9) to base 15
0
What is -1 (base 4) in base 12?
-1
Convert 50 (base 8) to base 13.
31
Convert 39 (base 10) to base 3.
1110
4 (base 5) to base 13
4
Convert -1 (base 13) to base 12.
-1
Convert 0 (base 12) to base 9.
0
Convert -21 (base 10) to base 14.
-17
Convert 440 (base 7) to base 11.
194
Convert 2 (base 15) to base 7.
2
What is 1 (base 14) in base 13?
1
-4 (base 9) to base 16
-4
What is 2 (base 3) in base 16?
2
-40 (base 13) to base 15
-37
Convert 1 (base 15) to base 13.
1
What is -238 (base 10) in base 7?
-460
5 (base 9) to base 10
5
-156 (base 12) to base 15
-e0
-31 (base 15) to base 7
-64
What is 0 (base 16) in base 2?
0
What is 6 (base 10) in base 9?
6
What is 1021 (base 3) in base 12?
2a
Convert -1 (base 5) to base 11.
-1
-1 (base 6) to base 5
-1
c (base 14) to base 4
30
What is -44 (base 13) in base 16?
-38
What is 7c (base 15) in base 5?
432
What is 57 (base 11) in base 2?
111110
What is 3220 (base 4) in base 7?
451
Convert -1200 (base 6) to base 10.
-288
30 (base 16) to base 4
300
10100101 (base 2) to base 13
c9
Convert -31 (base 7) to base 16.
-16
Convert 2 (base 11) to base 16.
2
Convert -22 (base 5) to base 7.
-15
What is -30 (base 6) in base 13?
-15
What is -1 (base 10) in base 13?
-1
What is 8 (base 14) in base 4?
20
Convert -4 (base 15) to base 9.
-4
What is -40 (base 9) in base 8?
-44
Convert -2 (base 6) to base 10.
-2
-1 (base 7) to base 9
-1
What is 3 (base 12) in base 8?
3
17 (base 8) to base 16
f
Convert -30 (base 11) to base 5.
-113
1 (base 4) to base 13
1
Convert 6 (base 8) to base 12.
6
-8 (base 10) to base 5
-13
What is -21 (base 6) in base 8?
-15
Convert 111 (base 3) to base 7.
16
What is -6 (base 13) in base 6?
-10
Convert -6 (base 16) to base 5.
-11
Convert -3 (base 13) to base 5.
-3
What is -10110 (base 2) in base 9?
-24
-14 (base 5) to base 13
-9
What is -3 (base 10) in base 9?
-3
What is 0 (base 9) in base 7?
0
-5d (base 16) to base 13
-72
What is -20 (base 13) in base 11?
-24
What is -4 (base 8) in base 10?
-4
4 (base 15) to base 7
4
Convert -2 (base 13) to base 4.
-2
-5 (base 14) to base 15
-5
Convert -3 (base 16) to base 4.
-3
-9 (base 13) to base 9
-10
Convert 12 (base 5) to base 4.
13
Convert 48 (base 15) to base 13.
53
Convert -3 (base 9) to base 13.
-3
Convert -116 (base 8) to base 16.
-4e
Convert 210 (base 7) to base 12.
89
Convert -27 (base 13) to base 10.
-33
What is 22 (base 6) in base 3?
112
What is -1233 (base 4) in base 5?
-421
Convert -3